25
Calculate the highest common factor of 500 and 4.
4
What is the greatest common factor of 25 and 203?
1
What is the highest common factor of 200 and 24?
8
What is the greatest common divisor of 54 and 18?
18
What is the greatest common factor of 629 and 37?
37
What is the greatest common divisor of 79 and 2528?
79
What is the highest common divisor of 19307 and 86?
43
Calculate the greatest common divisor of 2703 and 51.
51
What is the greatest common divisor of 377 and 87?
29
What is the greatest common factor of 8442 and 67?
67
What is the greatest common divisor of 83 and 332?
83
Calculate the highest common divisor of 1880 and 40.
40
What is the greatest common divisor of 4 and 12?
4
What is the highest common divisor of 3712 and 64?
64
Calculate the greatest common divisor of 37 and 58127.
37
Calculate the greatest common divisor of 31 and 5.
1
Calculate the highest common factor of 1398 and 114.
6
What is the greatest common factor of 224 and 98?
14
Calculate the greatest common factor of 351 and 416.
13
Calculate the highest common factor of 583 and 477.
53
Calculate the highest common divisor of 126 and 9972.
18
Calculate the highest common factor of 90 and 70.
10
Calculate the greatest common divisor of 189 and 10647.
63
Calculate the greatest common divisor of 27 and 1179.
9
What is the greatest common factor of 98 and 7?
7
What is the highest common factor of 152 and 19912?
152
What is the greatest common factor of 309 and 18437?
103
Calculate the greatest common divisor of 320 and 29600.
160
What is the greatest common factor of 58 and 522?
58
What is the highest common divisor of 1 and 16?
1
What is the greatest common factor of 93 and 62?
31
Calculate the highest common factor of 345 and 2505.
15
Calculate the greatest common divisor of 59 and 59.
59
What is the highest common factor of 80 and 2048?
16
What is the greatest common factor of 60 and 240?
60
What is the highest common divisor of 930 and 10?
10
What is the greatest common divisor of 88 and 592?
8
Calculate the highest common factor of 17 and 811.
1
What is the greatest common factor of 104 and 88?
8
What is the highest common factor of 52 and 3757?
13
Calculate the greatest common divisor of 351 and 297.
27
Calculate the greatest common factor of 80 and 10.
10
What is the greatest common divisor of 2993 and 82?
41
What is the highest common divisor of 8148 and 97?
97
Calculate the greatest common factor of 282 and 17954.
94
What is the highest common divisor of 2685 and 15?
15
Calculate the greatest common factor of 2825 and 50.
25
Calculate the highest common divisor of 129 and 43.
43
What is the highest common divisor of 3914 and 1030?
206
What is the greatest common divisor of 2 and 2458?
2
Calculate the greatest common factor of 221 and 14144.
221
Calculate the greatest common divisor of 531 and 295.
59
What is the greatest common divisor of 44404 and 68?
68
What is the greatest common divisor of 442 and 52?
26
Calculate the greatest common divisor of 10396 and 46.
46
What is the highest common divisor of 201 and 3?
3
What is the highest common factor of 51 and 36?
3
What is the greatest common divisor of 28 and 224?
28
What is the greatest common divisor of 1014 and 312?
78
What is the greatest common factor of 12 and 1788?
12
Calculate the highest common factor of 3956 and 92.
92
Calculate the highest common divisor of 993 and 27.
3
Calculate the greatest common factor of 224 and 96.
32
What is the greatest common divisor of 7407 and 9?
9
What is the greatest common divisor of 399 and 2907?
57
What is the highest common factor of 175 and 275?
25
Calculate the greatest common factor of 40 and 188.
4
What is the greatest common factor of 10140 and 26?
26
What is the highest common divisor of 244 and 12?
4
Calculate the highest common divisor of 5307 and 366.
183
What is the highest common factor of 144 and 90?
18
Calculate the greatest common divisor of 870 and 240.
30
What is the greatest common divisor of 187 and 11?
11
Calculate the highest common factor of 73 and 876.
73
What is the highest common divisor of 22 and 33?
11
Calculate the greatest common factor of 783 and 58.
29
Calculate the greatest common divisor of 95 and 35.
5
Calculate the highest common divisor of 2436 and 3444.
84
What is the greatest common factor of 52 and 234?
26
What is the greatest common factor of 1 and 103?
1
Calculate the greatest common divisor of 16164 and 72.
36
What is the greatest common divisor of 49485 and 15?
15
Calculate the highest common divisor of 91 and 189.
7
Calculate the greatest common factor of 56 and 2384.
8
What is the greatest common divisor of 1482 and 456?
114
What is the highest common divisor of 1 and 11?
1
What is the highest common factor of 17 and 6511?
17
What is the highest common factor of 176 and 2128?
16
Calculate the greatest common divisor of 110 and 170.
10
What is the highest common divisor of 329 and 21?
7
Calculate the highest common factor of 852 and 132.
12
What is the highest common divisor of 88 and 594?
22
What is the greatest common factor of 144 and 180?
36
Calculate the highest common divisor of 146 and 14.
2
Calculate the highest common divisor of 14439 and 9.
3
What is the highest common factor of 1050 and 378?
42
Calculate the greatest common factor of 90 and 290.
10
What is the greatest common factor of 190 and 2299?
19
What is the highest common factor of 1035 and 45?
45
What is the greatest common factor of 28 and 42?
14
What is the greatest common divisor of 176 and 1?
1
Calculate the highest common divisor of 52 and 64.
4
Calculate the highest common divisor of 112 and 1280.
16
What is the greatest common divisor of 48 and 256?
16
Calculate the highest common factor of 7298 and 82.
82
What is the highest common divisor of 858 and 299?
13
Calculate the highest common divisor of 559 and 43.
43
Calculate the greatest common factor of 23 and 77.
1
Calculate the highest common divisor of 30 and 40.
10
Calculate the greatest common factor of 55 and 11.
11
Calculate the highest common factor of 861 and 84.
21
Calculate the greatest common factor of 128 and 80.
16
Calculate the highest common divisor of 36 and 4653.
9
What is the greatest common divisor of 64 and 240?
16
What is the highest common divisor of 7548 and 510?
102
Calculate the highest common factor of 130 and 52.
26
Calculate the highest common divisor of 4941 and 81.
81
Calculate the highest common divisor of 550 and 1210.
110
What is the greatest common divisor of 161 and 69?
23
Calculate the highest common factor of 1100 and 16610.
110
What is the greatest common factor of 21 and 24?
3
Calculate the greatest common factor of 585 and 3185.
65
What is the highest common divisor of 2134 and 121?
11
What is the greatest common divisor of 45 and 165?
15
Calculate the greatest common factor of 442 and 234.
26
What is the greatest common divisor of 12 and 6?
6
What is the highest common divisor of 143 and 338?
13
What is the highest common divisor of 18 and 42?
6
What is the greatest common factor of 143 and 132?
11
Calculate the greatest common divisor of 529 and 667.
23
Calculate the highest common divisor of 336 and 21.
21
What is the highest common factor of 16 and 2080?
16
What is the greatest common factor of 433 and 2?
1
Calculate the highest common factor of 13 and 325.
13
What is the highest common factor of 64 and 56?
8
What is the greatest common factor of 1595 and 231?
11
What is the highest common divisor of 90 and 6435?
45
What is the greatest common divisor of 125 and 2?
1
What is the highest common factor of 86 and 946?
86
What is the highest common divisor of 15026 and 22?
22
Calculate the highest common divisor of 12 and 116.
4
What is the greatest common divisor of 50 and 1250?
50
What is the greatest common divisor of 29 and 4843?
29
What is the highest common factor of 17 and 3349?
17
What is the greatest common factor of 546 and 156?
78
What is the greatest common factor of 94 and 6721?
47
What is the highest common divisor of 20 and 220?
20
What is the highest common divisor of 11 and 209?
11
Calculate the greatest common factor of 46 and 299.
23
Calculate the highest common factor of 509 and 1.
1
What is the highest common divisor of 629 and 37